c - 852 + 213, -s*w = 5*c - 438. What are the prime factors of w?
11, 19
Let d(i) = -74*i - 321. Let b = 361 - 376. What are the prime factors of d(b)?
3, 263
Let u be (80/12)/(-2)*(-6)/4. Suppose 4*y - 478 = -0*z + u*z, 0 = y + 3. Let m = 365 + z. List the prime factors of m.
3, 89
Suppose -511*g + 32047704 = -63*g + 4*g. List the prime factors of g.
2, 3, 13, 101
Suppose 0 = 28*j - 14095 + 4043. Suppose -4*y = -5*m - j + 3067, -5*m = -2*y - 2704. What are the prime factors of m?
2, 3, 5
Let h(t) = -8*t**2 + 49*t + 39. Let c be h(11). Let k = -300 - c. What are the prime factors of k?
2, 3, 5
Let w(g) = 17*g**2 + 100*g + 302. What are the prime factors of w(-32)?
2, 5, 1451
Let a be (1874/6)/1 - 2/(-3). Let m = 664 - a. List the prime factors of m.
3, 13
Let k = 2726 + -1295. List the prime factors of k.
3, 53
Suppose 105*y + 78*y = 42*y - 423. Let o(b) = 2*b**3 + 4*b + 8. Let z(n) = -n**3 - 5*n - 9. Let s(j) = -6*o(j) - 5*z(j). List the prime factors of s(y).
3, 61
Let v be 37 + (60/(-5) - -4). List the prime factors of (-2 - v)/((-4 + 1)/63).
3, 7, 31
Let d(l) = l**2 - 6*l + 40. Suppose -4*n + 88 = x, -5*n + 88 = 5*x - 37. What are the prime factors of d(n)?
5, 71
Let y be -1*(0/(-5))/(0 + 1). Suppose 4*n + 2077 = 5*w, 4*w - 1666 = -y*w + n. List the prime factors of w.
3, 139
Let k = -558 + 843. Let v = 855 - k. What are the prime factors of v?
2, 3, 5, 19
Suppose -5215 - 9761 = -12*p. Suppose -4*a + 5*j = -1335, 5*a - 477 = -5*j + p. Suppose 0 = 16*v - a - 1564. What are the prime factors of v?
7, 17
Suppose -15 = 5*x, -3*x = 2*y + 2*x + 813. Let a = 703 - y. List the prime factors of a.
2, 19, 29
Let i be (-80)/(-30)*(-6)/(-8). Suppose -4*b + 6*b - 2298 = -w, b + i*w - 1146 = 0. What are the prime factors of b?
2, 5, 23
Let y = 35746 - 21346. Suppose -5*o + y = 10*o. List the prime factors of o.
2, 3, 5
Let i(v) = v**3 - 8*v**2 + 12*v - 22. Suppose -a + 22 = 11. List the prime factors of i(a).
11, 43
Let a(j) = -52*j - 15. Let p be ((-116)/(-36) - 3) + (-34)/(-9). Suppose 3*x + 4*h = -24, p*x - 3 = x + 5*h. What are the prime factors of a(x)?
193
Suppose -6*y + 3*y + 82 = 2*n, 3*n = 15. Suppose -y = -4*q - 2*q. Suppose 3*h - c = 2*c + 240, h = -q*c + 80. What are the prime factors of h?
2, 5
Suppose 4*i - 5*a - 2108 = 0, 2*a + 2*a = 5*i - 2635. Let v be (-806)/(-117) - (-1)/9. Suppose 0 = -v*k + 159 + i. List the prime factors of k.
2, 7
Let x(v) = 5*v**2 - 79*v - 847. What are the prime factors of x(74)?
137, 151
Let i(x) = 100*x**2 - 15*x - 1982. What are the prime factors of i(-28)?
2, 103, 373
Suppose -8411*y + 754120 = -8394*y. What are the prime factors of y?
2, 5, 1109
Suppose -4*b - 33 = -165. Let c = 43 - b. Suppose 0 = -i - c + 71. What are the prime factors of i?
61
Let b(z) = z**2 - 5*z - 9. Let k be b(7). List the prime factors of (-2)/k - (-4026)/15.
2, 67
Let f(k) = 4*k**2 - 134*k - 36. Suppose -57*c = -66*c + 360. What are the prime factors of f(c)?
2, 251
Let x(g) = 78*g**3 - 18*g**2 + 119*g + 8. List the prime factors of x(6).
2, 8461
Let s be (-7)/14*2 + 392. Let l = s - -1302. List the prime factors of l.
1693
Suppose 0 = -4*f, 3*c - 8 = 3*f - 2. Let p(a) = -4*a**2 + 75*a - 96. Let j be p(21). What are the prime factors of 2/4 - (j/c + 4)?
139
Suppose 0 = 27*g + 4*g - 18848. Let a = -254 + g. List the prime factors of a.
2, 3, 59
What are the prime factors of ((-2)/3)/(81/(-1992114))?
2, 4099
List the prime factors of (-174372)/(-30) - (-132)/165*2/(-4).
2, 1453
Suppose 0*j = -25*j + 18225. Let n = -368 + j. What are the prime factors of n?
19
Suppose -25 = -2*w - 21. Suppose 3*g + w*g - 5*a - 3265 = 0, -g + 2*a + 651 = 0. Suppose 285 + g = 4*r. List the prime factors of r.
5, 47
Let w(j) = -271*j + 14. Suppose -4*q - 4 = -0, 0 = -3*i - 3*q - 6. List the prime factors of w(i).
3, 5, 19
Let h(s) = -861*s - 2657. List the prime factors of h(-19).
2, 13, 17, 31
Suppose -27*j + 15*j + 782816 = 22*j. List the prime factors of j.
2, 1439
Suppose 5*a + k = 200969, -a + 3021*k - 3025*k = -40209. What are the prime factors of a?
40193
List the prime factors of (-118*(-296)/(-20))/(26/(-260)).
2, 37, 59
Let u be (10/(-8))/((-3)/17376). Suppose 3*y - u = -5*y. List the prime factors of y.
5, 181
Let q(v) = 3612*v - 2008. What are the prime factors of q(2)?
2, 163
Let s(h) = 136*h**3 - h**2. Suppose 2 - 7 = -5*y. Let b be s(y). Let g = b - 48. List the prime factors of g.
3, 29
Let y = -9557 + 12632. List the prime factors of y.
3, 5, 41
What are the prime factors of (-465037218)/(-12060) - (-3)/(-10)*1?
2, 5, 241
Suppose 5*q - 153945 + 34106 = -2*r, -q = -5*r + 299665. List the prime factors of r.
2, 14983
Let d(l) = 73*l + 91. Let j be d(9). Suppose -528 = -751*x + j*x. What are the prime factors of x?
2, 11
Let q = 9830 - 6618. List the prime factors of q.
2, 11, 73
Suppose 2*x - 7*x + 10 = 0. Suppose 0 = -x*i - 41 + 351. List the prime factors of i.
5, 31
Let k be (-9204)/33 - 5/55. List the prime factors of k/(-18)*-2*1*-11.
11, 31
Suppose -3*b + 24 = 0, -33*q + 50428 = -29*q - b. What are the prime factors of q?
3, 467
Let l be -11 + 16 + -251 + 6/3. Let h = 38 - l. List the prime factors of h.
2, 3, 47
Let g = 64293 - 38254. What are the prime factors of g?
13, 2003
Suppose 5*t + 6*b - 240719 = 0, 5*b + 37213 = t - 10937. List the prime factors of t.
5, 9629
Let l(g) = g**2 - 3*g + 38. Let i be l(0). Suppose i*d + 4272 = 41*d. List the prime factors of d.
2, 89
Suppose 7*c = 4*c - 171. Let o = c + 196. Suppose -w + 109 = 5*n, -5*n - 2*w - 26 = -o. What are the prime factors of n?
3, 7
Suppose 4*y - 5654 = -3*h, -5*y - 1894 = -h - 4*y. Suppose 19*p - h = -16*p. List the prime factors of p.
2, 3
Let x(z) = z - 10. Let q be x(16). Suppose -2*w + q*w - 28 = 0. Suppose -3*o = 5*h - 251, w*o - 8*o + 4*h = -95. List the prime factors of o.
3, 29
Let k(d) = d + 1. Let f(w) = 16*w - 35. Let u(x) = f(x) + 6*k(x). Let s = -408 - -416. List the prime factors of u(s).
3, 7
Let h = 16262 + -10649. What are the prime factors of h?
3, 1871
Let j(x) = -x**3 - 8*x**2 + 20*x - 38. Let n be j(-17). Let l = n - 1402. List the prime factors of l.
821
Suppose -185106 - 52217 = -73*q. What are the prime factors of q?
3251
Let w(i) = -7 - 7*i + 12*i**2 - 11 + i**3 + 15 - i**2 - 3. Let y(r) = r**3 - 4*r**2 - 2*r - 2. Let f be y(4). What are the prime factors of w(f)?
2, 41
Suppose -1 = -4*y - 5, 5*s - 27 = -3*y. Let g(c) = c**2 + c + 8. Let r be g(s). Suppose -r = 3*t - 224. What are the prime factors of t?
2, 29
Suppose -2*l + 3*n = -3853, 25*l + 3*n = 22*l + 5832. List the prime factors of l.
13, 149
Let w = 157 + -128. Suppose -4*s = 4*o + 48, 2*o - 3 = -s - w. What are the prime factors of (o/(-28) - (-143)/2) + -2?
2, 5, 7
Let y be (10/(-15))/(2/(-111)). Let b = y + -20. List the prime factors of 491/b + 16/136.
29
Suppose -29*w = -40*w - 1023. Let v = 49 - w. What are the prime factors of v?
2, 71
Suppose -13 = 5*z - 93. Let m(v) = 18 + 0*v + z*v - 23. What are the prime factors of m(3)?
43
Suppose 5*t = 14 + 6. Suppose 0 = 3*z + t*z + 21. What are the prime factors of ((-2)/(-2) - -75) + (z - -6)?
79
Suppose 36801 = 29*t - 970920. What are the prime factors of t?
3, 11, 13
Let b = -100 - -16. List the prime factors of 34/3*(-3402)/b.
3, 17
Suppose -3*d + 9 + 3 = 3*c, 0 = -5*c - d. Let i = c - -2. List the prime factors of -2 + 21 + 3 - i.
3, 7
Let c be (-2 - 94/4)/((-12)/16). Suppose -5*s + c = -4*t, -5*s + s - 5*t = -19. List the prime factors of 24/s - (-35 + 2).
37
Let j be 10 - 9 - (0 + 2 - -1). Let u be 86/6 - j/3. What are the prime factors of 2 - ((-18)/u)/((-1)/(-65))?
2, 5
Suppose 41*f = 38*f. Suppose -2*c - 3*u + 266 = f, 388 = 4*c - 3*u - 180. List the prime factors of c.
139
Let q = -14066 + 29488. List the prime factors of q.
2, 11, 701
Let m(b) = -13*b - 135. Let l(q) = 2*q**2 - 21*q + 14. Let n be l(9). List the prime factors of m(n).
2, 17
Suppose -60 = 48*z - 54*z. Suppose z*x = 15562 - 1482. What are the prime factors of x?
2, 11
Let r(m) = 51*m**2 + 47*m - 210. List the prime factors of r(5).
2, 5, 13
Suppose 0 = 2*t - 246 - 338. Let g(i) = 2*i - 3. Let l be g(4). Suppose -l*d = -123 - t. What are the prime factors of d?
83
Suppose -4 = -j + 5*q + 10, 4*j = -3*q + 56. Suppose -j*h = -30 - 40. Suppose -x - 3 = 2*x, 0 =